{"id":7,"date":"2022-07-29T16:13:54","date_gmt":"2022-07-29T14:13:54","guid":{"rendered":"http:\/\/csab-chambery.fr\/?page_id=7"},"modified":"2023-01-17T12:41:45","modified_gmt":"2023-01-17T11:41:45","slug":"beaux-portfolios-pour-des-creatifs-exceptionnels","status":"publish","type":"page","link":"https:\/\/csab-chambery.fr\/","title":{"rendered":"Notre histoire est celle du quartier"},"content":{"rendered":"\n<p class=\"has-text-align-left has-medium-font-size\"><strong>Bien que l&#8217;association CSAB proprement dite existe depuis 1991<\/strong>, le Centre Social existait d\u00e9j\u00e0 sous une autre forme depuis 1958, c&#8217;est \u00e0 dire peu apr\u00e8s la livraison des premiers logements sociaux d&#8217;apr\u00e8s-guerre sur Chamb\u00e9ry ! Le CSAB a \u00e9t\u00e9 \u00e0 la fois <em>t\u00e9moin <\/em>et <em>acteur <\/em>privil\u00e9gi\u00e9 de la vie du Biollay depuis les tout d\u00e9buts du quartier&#8230; <\/p>\n\n\n\n<div class=\"wp-block-buttons is-content-justification-center is-layout-flex wp-container-core-buttons-is-layout-16018d1d wp-block-buttons-is-layout-flex\">\n<div class=\"wp-block-button\"><a class=\"wp-block-button__link wp-element-button\" href=\"http:\/\/csab-chambery.fr\/index.php\/notre-histoire-est-celle-du-quartier\/\">LIRE LA SUITE<\/a><\/div>\n<\/div>\n\n\n\n<p><\/p>\n\n\n\n<div class=\"wp-block-group alignfull has-background\" style=\"background-color:#e5e9ec\"><div class=\"wp-block-group__inner-container is-layout-flow wp-block-group-is-layout-flow\">\n<div class=\"wp-block-columns is-layout-flex wp-container-core-columns-is-layout-9d6595d7 wp-block-columns-is-layout-flex\">\n<div class=\"wp-block-column is-vertically-aligned-center is-layout-flow wp-block-column-is-layout-flow\">\n<h2 class=\"wp-block-heading\">QUI SOMMES-NOUS ?<\/h2>\n\n\n\n<p>Le CSAB est une association \u00e0 but non-lucratif administr\u00e9e par des adh\u00e9rents b\u00e9n\u00e9voles et et g\u00e9r\u00e9e par des salari\u00e9s. Parmi nos missions centrales : permettre aux habitants du quartier d\u2019acc\u00e9der \u00e0 des activit\u00e9s sportives, culturelles et de loisirs&#8230; <\/p>\n\n\n\n<div class=\"wp-block-buttons is-horizontal is-content-justification-left is-layout-flex wp-container-core-buttons-is-layout-7e5fce0a wp-block-buttons-is-layout-flex\">\n<div class=\"wp-block-button is-style-outline is-style-outline--1\"><a class=\"wp-block-button__link wp-element-button\" href=\"http:\/\/csab-chambery.fr\/index.php\/about\/\">QUI SOMMES-NOUS ?<\/a><\/div>\n<\/div>\n\n\n\n<p><\/p>\n<\/div>\n\n\n\n<div class=\"wp-block-column is-layout-flow wp-block-column-is-layout-flow\">\n<div style=\"height:48px\" aria-hidden=\"true\" class=\"wp-block-spacer\"><\/div>\n\n\n\n<figure class=\"wp-block-image size-large\"><img loading=\"lazy\" decoding=\"async\" width=\"1024\" height=\"769\" src=\"http:\/\/csab-chambery.fr\/wp-content\/uploads\/2022\/07\/210725_Court-Metrage_30-1024x769.jpg\" alt=\"\" class=\"wp-image-49\" srcset=\"https:\/\/csab-chambery.fr\/wp-content\/uploads\/2022\/07\/210725_Court-Metrage_30-1024x769.jpg 1024w, https:\/\/csab-chambery.fr\/wp-content\/uploads\/2022\/07\/210725_Court-Metrage_30-300x225.jpg 300w, https:\/\/csab-chambery.fr\/wp-content\/uploads\/2022\/07\/210725_Court-Metrage_30-768x577.jpg 768w, https:\/\/csab-chambery.fr\/wp-content\/uploads\/2022\/07\/210725_Court-Metrage_30-1536x1153.jpg 1536w, https:\/\/csab-chambery.fr\/wp-content\/uploads\/2022\/07\/210725_Court-Metrage_30-2048x1538.jpg 2048w, https:\/\/csab-chambery.fr\/wp-content\/uploads\/2022\/07\/210725_Court-Metrage_30-2000x1502.jpg 2000w\" sizes=\"auto, (max-width: 1024px) 100vw, 1024px\" \/><\/figure>\n<\/div>\n<\/div>\n<\/div><\/div>\n\n\n\n<div class=\"wp-block-group alignfull\"><div class=\"wp-block-group__inner-container is-layout-flow wp-block-group-is-layout-flow\">\n<div class=\"wp-block-columns are-vertically-aligned-center is-layout-flex wp-container-core-columns-is-layout-9d6595d7 wp-block-columns-is-layout-flex\">\n<div class=\"wp-block-column is-vertically-aligned-center is-layout-flow wp-block-column-is-layout-flow\">\n<div style=\"height:48px\" aria-hidden=\"true\" class=\"wp-block-spacer\"><\/div>\n\n\n\n<figure class=\"wp-block-image size-large\"><img loading=\"lazy\" decoding=\"async\" width=\"1024\" height=\"769\" src=\"http:\/\/csab-chambery.fr\/wp-content\/uploads\/2022\/08\/220604_Fete-de-Quartier098_bd-1024x769.jpg\" alt=\"\" class=\"wp-image-114\" srcset=\"https:\/\/csab-chambery.fr\/wp-content\/uploads\/2022\/08\/220604_Fete-de-Quartier098_bd-1024x769.jpg 1024w, https:\/\/csab-chambery.fr\/wp-content\/uploads\/2022\/08\/220604_Fete-de-Quartier098_bd-300x225.jpg 300w, https:\/\/csab-chambery.fr\/wp-content\/uploads\/2022\/08\/220604_Fete-de-Quartier098_bd-768x577.jpg 768w, https:\/\/csab-chambery.fr\/wp-content\/uploads\/2022\/08\/220604_Fete-de-Quartier098_bd-1536x1153.jpg 1536w, https:\/\/csab-chambery.fr\/wp-content\/uploads\/2022\/08\/220604_Fete-de-Quartier098_bd-2048x1538.jpg 2048w, https:\/\/csab-chambery.fr\/wp-content\/uploads\/2022\/08\/220604_Fete-de-Quartier098_bd-2000x1502.jpg 2000w\" sizes=\"auto, (max-width: 1024px) 100vw, 1024px\" \/><\/figure>\n<\/div>\n\n\n\n<div class=\"wp-block-column is-vertically-aligned-center is-layout-flow wp-block-column-is-layout-flow\">\n<h2 class=\"wp-block-heading\">NOS ACTIVITES<\/h2>\n\n\n\n<p>Des animations de quartier aux incontournables sorties Walibi, en passant par le soutien scolaire et la pr\u00e9vention vieillesse, la diversit\u00e9 de nos activit\u00e9s n&#8217;a d&#8217;\u00e9gal que celle du quartier ! <\/p>\n\n\n\n<div class=\"wp-block-buttons is-layout-flex wp-block-buttons-is-layout-flex\">\n<div class=\"wp-block-button is-style-outline is-style-outline--2\"><a class=\"wp-block-button__link wp-element-button\" href=\"http:\/\/csab-chambery.fr\/index.php\/activites\/\">NOS ACTIVITES<\/a><\/div>\n<\/div>\n<\/div>\n<\/div>\n<\/div><\/div>\n\n\n\n<div class=\"wp-block-group alignfull has-black-background-color has-background\"><div class=\"wp-block-group__inner-container is-layout-flow wp-block-group-is-layout-flow\">\n<h2 class=\"has-text-align-center has-white-color has-text-color wp-block-heading\"><strong>PHOTOS<\/strong><\/h2>\n\n\n\n<figure class=\"wp-block-gallery aligncenter has-nested-images columns-6 is-cropped wp-block-gallery-3 is-layout-flex wp-block-gallery-is-layout-flex\">\n<figure class=\"wp-block-image size-thumbnail\"><a href=\"http:\/\/csab-chambery.fr\/wp-content\/uploads\/2022\/07\/220604_Fete-de-Quartier114_bd.jpg\"><img loading=\"lazy\" decoding=\"async\" width=\"150\" height=\"150\" data-id=\"37\" src=\"http:\/\/csab-chambery.fr\/wp-content\/uploads\/2022\/07\/220604_Fete-de-Quartier114_bd-150x150.jpg\" alt=\"\" class=\"wp-image-37\"\/><\/a><\/figure>\n\n\n\n<figure class=\"wp-block-image size-thumbnail\"><a href=\"http:\/\/csab-chambery.fr\/wp-content\/uploads\/2022\/07\/210707_Biblio-Suspendue-023_web-scaled.jpg\"><img loading=\"lazy\" decoding=\"async\" width=\"150\" height=\"150\" data-id=\"50\" src=\"http:\/\/csab-chambery.fr\/wp-content\/uploads\/2022\/07\/210707_Biblio-Suspendue-023_web-150x150.jpg\" alt=\"\" class=\"wp-image-50\"\/><\/a><\/figure>\n\n\n\n<figure class=\"wp-block-image size-thumbnail\"><a href=\"http:\/\/csab-chambery.fr\/wp-content\/uploads\/2022\/07\/220604_Fete-de-Quartier025_bd.jpg\"><img loading=\"lazy\" decoding=\"async\" width=\"150\" height=\"150\" data-id=\"40\" src=\"http:\/\/csab-chambery.fr\/wp-content\/uploads\/2022\/07\/220604_Fete-de-Quartier025_bd-150x150.jpg\" alt=\"\" class=\"wp-image-40\"\/><\/a><\/figure>\n\n\n\n<figure class=\"wp-block-image size-thumbnail\"><a href=\"http:\/\/csab-chambery.fr\/wp-content\/uploads\/2022\/07\/IMG_0830-scaled.jpeg\"><img loading=\"lazy\" decoding=\"async\" width=\"150\" height=\"150\" data-id=\"43\" src=\"http:\/\/csab-chambery.fr\/wp-content\/uploads\/2022\/07\/IMG_0830-150x150.jpeg\" alt=\"\" class=\"wp-image-43\"\/><\/a><\/figure>\n\n\n\n<figure class=\"wp-block-image size-thumbnail\"><a href=\"http:\/\/csab-chambery.fr\/wp-content\/uploads\/2022\/07\/220401_Soiree_30ans_090_Web.jpg\"><img loading=\"lazy\" decoding=\"async\" width=\"150\" height=\"150\" data-id=\"44\" src=\"http:\/\/csab-chambery.fr\/wp-content\/uploads\/2022\/07\/220401_Soiree_30ans_090_Web-150x150.jpg\" alt=\"\" class=\"wp-image-44\"\/><\/a><\/figure>\n\n\n\n<figure class=\"wp-block-image size-thumbnail\"><a href=\"http:\/\/csab-chambery.fr\/wp-content\/uploads\/2022\/07\/P1440312-scaled.jpg\"><img loading=\"lazy\" decoding=\"async\" width=\"150\" height=\"150\" data-id=\"47\" src=\"http:\/\/csab-chambery.fr\/wp-content\/uploads\/2022\/07\/P1440312-150x150.jpg\" alt=\"\" class=\"wp-image-47\"\/><\/a><\/figure>\n\n\n\n<figure class=\"wp-block-image size-thumbnail\"><a href=\"http:\/\/csab-chambery.fr\/wp-content\/uploads\/2022\/08\/220604_Fete-de-Quartier092_bd.jpg\"><img loading=\"lazy\" decoding=\"async\" width=\"150\" height=\"150\" data-id=\"117\" src=\"http:\/\/csab-chambery.fr\/wp-content\/uploads\/2022\/08\/220604_Fete-de-Quartier092_bd-150x150.jpg\" alt=\"\" class=\"wp-image-117\"\/><\/a><\/figure>\n\n\n\n<figure class=\"wp-block-image size-thumbnail\"><a href=\"http:\/\/csab-chambery.fr\/wp-content\/uploads\/2022\/07\/211008_Parc_aux_oiseaux_59_bd.jpg\"><img loading=\"lazy\" decoding=\"async\" width=\"150\" height=\"150\" data-id=\"58\" src=\"http:\/\/csab-chambery.fr\/wp-content\/uploads\/2022\/07\/211008_Parc_aux_oiseaux_59_bd-150x150.jpg\" alt=\"\" class=\"wp-image-58\"\/><\/a><\/figure>\n\n\n\n<figure class=\"wp-block-image size-thumbnail\"><a href=\"http:\/\/csab-chambery.fr\/wp-content\/uploads\/2022\/07\/211214_Spectacle_Noel_2021_30_web.jpg\"><img loading=\"lazy\" decoding=\"async\" width=\"150\" height=\"150\" data-id=\"46\" src=\"http:\/\/csab-chambery.fr\/wp-content\/uploads\/2022\/07\/211214_Spectacle_Noel_2021_30_web-150x150.jpg\" alt=\"\" class=\"wp-image-46\"\/><\/a><\/figure>\n\n\n\n<figure class=\"wp-block-image size-thumbnail\"><a href=\"http:\/\/csab-chambery.fr\/wp-content\/uploads\/2022\/07\/220401_Soiree_30ans_079_Web.jpg\"><img loading=\"lazy\" decoding=\"async\" width=\"150\" height=\"150\" data-id=\"45\" src=\"http:\/\/csab-chambery.fr\/wp-content\/uploads\/2022\/07\/220401_Soiree_30ans_079_Web-150x150.jpg\" alt=\"\" class=\"wp-image-45\"\/><\/a><\/figure>\n\n\n\n<figure class=\"wp-block-image size-thumbnail\"><a href=\"http:\/\/csab-chambery.fr\/wp-content\/uploads\/2022\/07\/210725_Court-Metrage_11-scaled.jpg\"><img loading=\"lazy\" decoding=\"async\" width=\"2560\" height=\"1923\" data-id=\"48\" src=\"http:\/\/csab-chambery.fr\/wp-content\/uploads\/2022\/07\/210725_Court-Metrage_11-scaled.jpg\" alt=\"\" class=\"wp-image-48\" srcset=\"https:\/\/csab-chambery.fr\/wp-content\/uploads\/2022\/07\/210725_Court-Metrage_11-scaled.jpg 2560w, https:\/\/csab-chambery.fr\/wp-content\/uploads\/2022\/07\/210725_Court-Metrage_11-300x225.jpg 300w, https:\/\/csab-chambery.fr\/wp-content\/uploads\/2022\/07\/210725_Court-Metrage_11-1024x769.jpg 1024w, https:\/\/csab-chambery.fr\/wp-content\/uploads\/2022\/07\/210725_Court-Metrage_11-768x577.jpg 768w, https:\/\/csab-chambery.fr\/wp-content\/uploads\/2022\/07\/210725_Court-Metrage_11-1536x1154.jpg 1536w, https:\/\/csab-chambery.fr\/wp-content\/uploads\/2022\/07\/210725_Court-Metrage_11-2048x1538.jpg 2048w, https:\/\/csab-chambery.fr\/wp-content\/uploads\/2022\/07\/210725_Court-Metrage_11-2000x1502.jpg 2000w\" sizes=\"auto, (max-width: 2560px) 100vw, 2560px\" \/><\/a><\/figure>\n\n\n\n<figure class=\"wp-block-image size-thumbnail\"><a href=\"http:\/\/csab-chambery.fr\/wp-content\/uploads\/2022\/08\/IMG_29361.jpg\"><img loading=\"lazy\" decoding=\"async\" width=\"480\" height=\"360\" data-id=\"121\" src=\"http:\/\/csab-chambery.fr\/wp-content\/uploads\/2022\/08\/IMG_29361.jpg\" alt=\"\" class=\"wp-image-121\" srcset=\"https:\/\/csab-chambery.fr\/wp-content\/uploads\/2022\/08\/IMG_29361.jpg 480w, https:\/\/csab-chambery.fr\/wp-content\/uploads\/2022\/08\/IMG_29361-300x225.jpg 300w\" sizes=\"auto, (max-width: 480px) 100vw, 480px\" \/><\/a><\/figure>\n<\/figure>\n<\/div><\/div>\n\n\n\n<div class=\"wp-block-cover alignfull is-light has-parallax is-position-center-center\" style=\"min-height:375px;aspect-ratio:unset;\"><span aria-hidden=\"true\" class=\"wp-block-cover__background has-black-background-color has-background-dim-40 has-background-dim\"><\/span><div role=\"img\" class=\"wp-block-cover__image-background wp-image-51 has-parallax\" style=\"background-position:50% 50%;background-image:url(http:\/\/csab-chambery.fr\/wp-content\/uploads\/2022\/07\/210709_Lac_La_Thuile_015_web-scaled.jpg)\"><\/div><div class=\"wp-block-cover__inner-container is-layout-flow wp-block-cover-is-layout-flow\">\n<p class=\"has-text-align-center has-text-color has-huge-font-size\" style=\"color:#fffffa;line-height:1.1\"><strong>NOS PARTENAIRES<\/strong><\/p>\n\n\n\n<p class=\"has-text-align-center has-white-color has-text-color\">Le CSAB est port\u00e9 financi\u00e8rement par la CAF, Grand Chamb\u00e9ry, la ville de Chamb\u00e9ry, le d\u00e9partement Savoie, la CARSAT, l&#8217;\u00e9tat, la R\u00e9gion Auvergne-Rh\u00f4ne-Alpes, l&#8217;Europe, la Conf\u00e9rence des Financeurs&#8230;<\/p>\n\n\n\n<div class=\"wp-block-buttons is-horizontal is-content-justification-center is-layout-flex wp-container-core-buttons-is-layout-499968f5 wp-block-buttons-is-layout-flex\">\n<div class=\"wp-block-button is-style-outline is-style-outline--4\"><a class=\"wp-block-button__link has-white-color has-text-color wp-element-button\" href=\"http:\/\/csab-chambery.fr\/index.php\/contact\/\">CONTACTEZ-NOUS<\/a><\/div>\n<\/div>\n<\/div><\/div>\n\n\n\n<figure class=\"wp-block-image size-full\"><img loading=\"lazy\" decoding=\"async\" width=\"2560\" height=\"366\" src=\"http:\/\/csab-chambery.fr\/wp-content\/uploads\/2022\/08\/bandeau_logo2019-scaled.bmp\" alt=\"\" class=\"wp-image-84\" srcset=\"https:\/\/csab-chambery.fr\/wp-content\/uploads\/2022\/08\/bandeau_logo2019-scaled.bmp 2560w, https:\/\/csab-chambery.fr\/wp-content\/uploads\/2022\/08\/bandeau_logo2019-300x43.jpg 300w, https:\/\/csab-chambery.fr\/wp-content\/uploads\/2022\/08\/bandeau_logo2019-1024x146.jpg 1024w, https:\/\/csab-chambery.fr\/wp-content\/uploads\/2022\/08\/bandeau_logo2019-768x110.jpg 768w, https:\/\/csab-chambery.fr\/wp-content\/uploads\/2022\/08\/bandeau_logo2019-1536x220.jpg 1536w, https:\/\/csab-chambery.fr\/wp-content\/uploads\/2022\/08\/bandeau_logo2019-2048x293.jpg 2048w, https:\/\/csab-chambery.fr\/wp-content\/uploads\/2022\/08\/bandeau_logo2019-2000x286.jpg 2000w\" sizes=\"auto, (max-width: 2560px) 100vw, 2560px\" \/><\/figure>\n","protected":false},"excerpt":{"rendered":"<p>Bien que l&#8217;association CSAB proprement dite existe depuis 1991, le Centre Social existait d\u00e9j\u00e0 sous une autre forme depuis 1958, c&#8217;est \u00e0 dire peu apr\u00e8s la livraison des premiers logements sociaux d&#8217;apr\u00e8s-guerre sur Chamb\u00e9ry ! Le CSAB a \u00e9t\u00e9 \u00e0 la fois t\u00e9moin et acteur privil\u00e9gi\u00e9 de la vie du Biollay depuis les tout d\u00e9buts &hellip; <\/p>\n<p class=\"link-more\"><a href=\"https:\/\/csab-chambery.fr\/\" class=\"more-link\">Read more<span class=\"screen-reader-text\"> &#8220;Notre histoire est celle du quartier&#8221;<\/span><\/a><\/p>\n","protected":false},"author":2,"featured_media":0,"parent":0,"menu_order":0,"comment_status":"closed","ping_status":"closed","template":"","meta":{"footnotes":""},"class_list":["post-7","page","type-page","status-publish","hentry"],"featured_media_urls":[],"_links":{"self":[{"href":"https:\/\/csab-chambery.fr\/index.php\/wp-json\/wp\/v2\/pages\/7","targetHints":{"allow":["GET"]}}],"collection":[{"href":"https:\/\/csab-chambery.fr\/index.php\/wp-json\/wp\/v2\/pages"}],"about":[{"href":"https:\/\/csab-chambery.fr\/index.php\/wp-json\/wp\/v2\/types\/page"}],"author":[{"embeddable":true,"href":"https:\/\/csab-chambery.fr\/index.php\/wp-json\/wp\/v2\/users\/2"}],"replies":[{"embeddable":true,"href":"https:\/\/csab-chambery.fr\/index.php\/wp-json\/wp\/v2\/comments?post=7"}],"version-history":[{"count":24,"href":"https:\/\/csab-chambery.fr\/index.php\/wp-json\/wp\/v2\/pages\/7\/revisions"}],"predecessor-version":[{"id":203,"href":"https:\/\/csab-chambery.fr\/index.php\/wp-json\/wp\/v2\/pages\/7\/revisions\/203"}],"wp:attachment":[{"href":"https:\/\/csab-chambery.fr\/index.php\/wp-json\/wp\/v2\/media?parent=7"}],"curies":[{"name":"wp","href":"https:\/\/api.w.org\/{rel}","templated":true}]}}